{"id":96,"date":"2021-06-07T13:23:26","date_gmt":"2021-06-07T13:23:26","guid":{"rendered":"https:\/\/uopazin.com.hr\/?page_id=96"},"modified":"2021-11-22T13:09:47","modified_gmt":"2021-11-22T13:09:47","slug":"povijest-udruzenja","status":"publish","type":"page","link":"https:\/\/uopazin.hr\/?page_id=96","title":{"rendered":"Povijest udru\u017eenja"},"content":{"rendered":"\r\n<p>Udru\u017eenje obrtnika Pazin pokriva svojim aktivnostima obrtnike vi\u0161e Op\u0107ina i Grada Pazina.<\/p>\r\n<p>Udru\u017eenje se brine o obrtnicima Op\u0107ina Cerovlje, Lupoglav, Motovun, Karojba,&nbsp; Sveti Petar u \u0161umi, Gra\u010di\u0161\u0107a, Tinjana i Grada Pazina.<\/p>\r\n<p>Udru\u017eenje je osnovano 1964. g. kada se zvalo Udru\u017eenje zanatlija. Pod raznim je imenima, primjerice Udru\u017eenje samostalnih privrednika djelovalo do 1994. godine, kada je registrirano pod sada\u0161njim nazivom Udru\u017eenje obrtnika Pazin. U strukturi \u010dlanova, najvi\u0161e je obrta iz oblasti gra\u0111evinskih djelatnosti oko 25%, uslu\u017enih djelatnosti oko (22%, proizvodnih djelatnosti oko 13%, ugostiteljstva7%, trgovine 10%, prijevozni\u0161tva oko 11%, frizera i kozmeti\u010dara oko &nbsp;3%, autostruke oko 3%, te poljoprivrednih djelatnosti oko 6%.<\/p>\r\n<p>U gospodarskoj strukturi ovog podru\u010dja, obrtni\u0161tvo zauzima zna\u010dajno mjesto, te Udru\u017eenje obrtnika Pazin broji oko 800 \u010dlanova.<\/p>\r\n","protected":false},"excerpt":{"rendered":"<p>Udru\u017eenje obrtnika Pazin pokriva svojim aktivnostima obrtnike vi\u0161e Op\u0107ina i Grada Pazina. Udru\u017eenje se brine o obrtnicima Op\u0107ina Cerovlje, Lupoglav, Motovun, Karojba,&nbsp; Sveti Petar u \u0161umi, Gra\u010di\u0161\u0107a, Tinjana i Grada Pazina. Udru\u017eenje je osnovano 1964. g. kada se zvalo Udru\u017eenje zanatlija. Pod raznim je imenima, primjerice Udru\u017eenje samostalnih privrednika djelovalo do 1994. godine, kada je&hellip;&nbsp;<a href=\"https:\/\/uopazin.hr\/?page_id=96\" class=\"\" rel=\"bookmark\">Vi\u0161e &raquo;<span class=\"screen-reader-text\">Povijest udru\u017eenja<\/span><\/a><\/p>\n","protected":false},"author":1,"featured_media":0,"parent":0,"menu_order":0,"comment_status":"closed","ping_status":"closed","template":"","meta":{"neve_meta_sidebar":"full-width","neve_meta_container":"","neve_meta_enable_content_width":"on","neve_meta_content_width":100,"neve_meta_title_alignment":"","neve_meta_author_avatar":"","neve_post_elements_order":"","neve_meta_disable_header":"","neve_meta_disable_footer":"","neve_meta_disable_title":"","ngg_post_thumbnail":0,"footnotes":""},"class_list":["post-96","page","type-page","status-publish","hentry"],"_links":{"self":[{"href":"https:\/\/uopazin.hr\/index.php?rest_route=\/wp\/v2\/pages\/96","targetHints":{"allow":["GET"]}}],"collection":[{"href":"https:\/\/uopazin.hr\/index.php?rest_route=\/wp\/v2\/pages"}],"about":[{"href":"https:\/\/uopazin.hr\/index.php?rest_route=\/wp\/v2\/types\/page"}],"author":[{"embeddable":true,"href":"https:\/\/uopazin.hr\/index.php?rest_route=\/wp\/v2\/users\/1"}],"replies":[{"embeddable":true,"href":"https:\/\/uopazin.hr\/index.php?rest_route=%2Fwp%2Fv2%2Fcomments&post=96"}],"version-history":[{"count":4,"href":"https:\/\/uopazin.hr\/index.php?rest_route=\/wp\/v2\/pages\/96\/revisions"}],"predecessor-version":[{"id":1280,"href":"https:\/\/uopazin.hr\/index.php?rest_route=\/wp\/v2\/pages\/96\/revisions\/1280"}],"wp:attachment":[{"href":"https:\/\/uopazin.hr\/index.php?rest_route=%2Fwp%2Fv2%2Fmedia&parent=96"}],"curies":[{"name":"wp","href":"https:\/\/api.w.org\/{rel}","templated":true}]}}